{"id":385,"date":"2023-02-28T10:13:49","date_gmt":"2023-02-28T10:13:49","guid":{"rendered":"https:\/\/zealous-babbage.81-27-231-25.plesk.page\/?page_id=385"},"modified":"2023-03-15T13:39:54","modified_gmt":"2023-03-15T13:39:54","slug":"reportage-1","status":"publish","type":"page","link":"https:\/\/zealous-babbage.81-27-231-25.plesk.page\/index.php\/reportage-1\/","title":{"rendered":"Reportage 1"},"content":{"rendered":"\n<a href=\"https:\/\/zealous-babbage.81-27-231-25.plesk.page\/index.php\/hochzeitsfotograf-koeln-startseite\/\" target=\"_self\" itemprop=\"url\" rel=\"noopener\">\n\t\t\t\t<img loading=\"lazy\" decoding=\"async\" src=\"https:\/\/zealous-babbage.81-27-231-25.plesk.page\/wp-content\/uploads\/2023\/03\/Element-1.png\" alt=\"K\u00f6ln 1\" itemprop=\"image\" height=\"65\" width=\"185\" title=\"Element 1\" onerror=\"this.style.display='none'\">\n\t\t\t\t<\/a>\n<h1>\n\t\tEva &amp; Dominik\n\t<\/h1>\n\t<p>Wir durften am letzten Wochenende Eva und Dominic an ihrem besonderen Tag begleiten.&nbsp;<\/p>\n<p>Die Trauung wurde in der Schwanenkirche nahe Roes in der rheinland-pf\u00e4lzischen Vordereifel ausgerichtet. Die Kirche, welche eigentlich Wallfahrtskirche St. Maria hei\u00dft, wurde um 1473 errichtet und nach einer kompletten Zerst\u00f6rung durch einen Luftangriff 1944 im Jahre 1950\/52 wieder aufgebaut.&nbsp;<\/p>\n<p>Nachdem sich das Brautpaar in ihrer heimische Umgebung fertig gemacht hatte und die Braut einen sehr gef\u00fchlvollen Brief von ihrer besten Freundin erhielt, ging es mit den Autos zur Trauung. Durch stimmungsvolles Licht und Gesang herrschte eine einzigartige und harmonische Atmosph\u00e4re.&nbsp;<\/p>\n<p>Beim Auszug aus der Kirche wurde das frisch gebackene Ehepaar freudig von allen G\u00e4sten und Kindern aus Evas Kindergarten mit Konfetti und Seifenblasen begr\u00fc\u00dft. Anschlie\u00dfend wurde in der Wellinger Location in der N\u00e4he von Cochem ausgelassen und mit viel Spa\u00df gefeiert und gelacht. Es gab viele Highlights, wie zum Beispiel eine Diashow, die die Kindergartenkinder zusammen mit anderen Erzieherinnen vorbereitet hatten. Die Dias zeigten die als Brautpaar verkleideten Kinder, was einige zu Tr\u00e4nen r\u00fchrte. F\u00fcr uns war auch die leckere Kinderschokoladentorte ein besonderes Highlight. Es ist immer sch\u00f6n zu sehen, wenn das Brautpaar auch Dinge wie die Hochzeitstorte ganz nach ihren W\u00fcnschen und ihrer pers\u00f6nlichen Geschichte gestaltet. So fanden sich ebenfalls viele andere spannende Dinge, die wir so zuvor noch nie auf einer Hochzeit gesehen haben.<\/p>\n<p>\u00dcberzeugt euch selbst!<\/p>\n<p>-&gt; Feedback vom Hochzeitspaar<\/p>\n\tInhaber: Lars May<br>\nHauptstra\u00dfe 45<br>\n56743 Mendig\n<p>+49 2652 9585155<\/p>\n<p>info@larsmay.com<\/p>\n","protected":false},"excerpt":{"rendered":"<p>Eva &amp; Dominik Wir durften am letzten Wochenende Eva und Dominic an ihrem besonderen Tag begleiten.&nbsp; Die Trauung wurde in der Schwanenkirche nahe Roes in der rheinland-pf\u00e4lzischen Vordereifel ausgerichtet. Die Kirche, welche eigentlich Wallfahrtskirche St. Maria hei\u00dft, wurde um 1473 errichtet und nach einer kompletten Zerst\u00f6rung durch einen Luftangriff 1944 im Jahre 1950\/52 wieder aufgebaut.&nbsp;&hellip;<\/p>\n","protected":false},"author":1,"featured_media":0,"parent":0,"menu_order":0,"comment_status":"closed","ping_status":"closed","template":"tpl-no-header-footer.php","meta":{"footnotes":""},"class_list":["post-385","page","type-page","status-publish","hentry"],"_links":{"self":[{"href":"https:\/\/zealous-babbage.81-27-231-25.plesk.page\/index.php\/wp-json\/wp\/v2\/pages\/385","targetHints":{"allow":["GET"]}}],"collection":[{"href":"https:\/\/zealous-babbage.81-27-231-25.plesk.page\/index.php\/wp-json\/wp\/v2\/pages"}],"about":[{"href":"https:\/\/zealous-babbage.81-27-231-25.plesk.page\/index.php\/wp-json\/wp\/v2\/types\/page"}],"author":[{"embeddable":true,"href":"https:\/\/zealous-babbage.81-27-231-25.plesk.page\/index.php\/wp-json\/wp\/v2\/users\/1"}],"replies":[{"embeddable":true,"href":"https:\/\/zealous-babbage.81-27-231-25.plesk.page\/index.php\/wp-json\/wp\/v2\/comments?post=385"}],"version-history":[{"count":16,"href":"https:\/\/zealous-babbage.81-27-231-25.plesk.page\/index.php\/wp-json\/wp\/v2\/pages\/385\/revisions"}],"predecessor-version":[{"id":712,"href":"https:\/\/zealous-babbage.81-27-231-25.plesk.page\/index.php\/wp-json\/wp\/v2\/pages\/385\/revisions\/712"}],"wp:attachment":[{"href":"https:\/\/zealous-babbage.81-27-231-25.plesk.page\/index.php\/wp-json\/wp\/v2\/media?parent=385"}],"curies":[{"name":"wp","href":"https:\/\/api.w.org\/{rel}","templated":true}]}}