{"id":393,"date":"2023-02-28T11:51:04","date_gmt":"2023-02-28T11:51:04","guid":{"rendered":"https:\/\/zealous-babbage.81-27-231-25.plesk.page\/?page_id=393"},"modified":"2023-03-09T07:59:39","modified_gmt":"2023-03-09T07:59:39","slug":"reportage-1-copy","status":"publish","type":"page","link":"https:\/\/zealous-babbage.81-27-231-25.plesk.page\/index.php\/reportage-1-copy\/","title":{"rendered":"Reportage 2"},"content":{"rendered":"\n\n\t\t\t\t<a href=\"https:\/\/zealous-babbage.81-27-231-25.plesk.page\/index.php\/hochzeitsfotograf-koeln-startseite\/\" target=\"_self\" itemprop=\"url\" rel=\"noopener\">\n\t\t\t\t<img loading=\"lazy\" decoding=\"async\" src=\"https:\/\/zealous-babbage.81-27-231-25.plesk.page\/wp-content\/uploads\/2023\/03\/Element-1.png\" alt=\"K\u00f6ln 1\" itemprop=\"image\" height=\"65\" width=\"185\" title=\"Element 1\" onerror=\"this.style.display='none'\"  \/>\n\t\t\t\t<\/a>\n<h1>\n\t\tSabrina &#038; Stephan\n\t<\/h1>\n\t<p>Inspiriert von dem modernem Feinschmeckerlokal Godesburg in seinen geschichtstr\u00e4chtigen Mauern von 1210 gaben sich Sabine und der Captain America Fan Stephan das Ja-Wort, und das gleich zwei mal!\u00a0<\/p>\n<p>Nach einem entspannten Besuch beim Friseur ging es f\u00fcr Sabine zur\u00fcck nach Hause, um dort in ihr Kleid zu schl\u00fcpfen. W\u00e4hrenddessen machte auch Stephan sich fertig und das hie\u00df in diesem Falle Anzug inklusive roter Chucks, Captain America Boxershorts und passender Anstecker.\u00a0<\/p>\n<p>In der evangelischen Lutherkirche in Bonn trafen die beiden das erste mal wieder aufeinander. Nach der Zeremonie werden die beiden beim Auszug mit vielen Seifenblasen vor der Kirche begr\u00fc\u00dft. Dann ging es f\u00fcr die gesamte Festgesellschaft zur Godesberg, wo sich das Brautpaar auch standesamtlich das Ja-Wort gab.\u00a0<\/p>\n<p>Mit einem sch\u00f6nem Ausblick konnte im Anschluss der Rest des Tages bei guter Stimmung genossen werden. Es gab leckeres Essen, eine tolle Hochzeitstorte, lachende Kinder und ein rundum gl\u00fcckliches Brautpaar.<\/p>\n<p>&nbsp;<\/p>\n<p>-&gt; Feedback vom Hochzeitspaar<\/p>\n\tInhaber: Lars May<br \/>\nHauptstra\u00dfe 45<br \/>\n56743 Mendig\n<p>+49 2652 9585155<\/p>\n<p>info@larsmay.com<\/p>\n\n","protected":false},"excerpt":{"rendered":"<p>Sabrina &#038; Stephan Inspiriert von dem modernem Feinschmeckerlokal Godesburg in seinen geschichtstr\u00e4chtigen Mauern von 1210 gaben sich Sabine und der Captain America Fan Stephan das Ja-Wort, und das gleich zwei mal!\u00a0 Nach einem entspannten Besuch beim Friseur ging es f\u00fcr Sabine zur\u00fcck nach Hause, um dort in ihr Kleid zu schl\u00fcpfen. W\u00e4hrenddessen machte auch Stephan&hellip;<\/p>\n","protected":false},"author":1,"featured_media":0,"parent":0,"menu_order":0,"comment_status":"closed","ping_status":"closed","template":"tpl-no-header-footer.php","meta":{"footnotes":""},"class_list":["post-393","page","type-page","status-publish","hentry"],"_links":{"self":[{"href":"https:\/\/zealous-babbage.81-27-231-25.plesk.page\/index.php\/wp-json\/wp\/v2\/pages\/393","targetHints":{"allow":["GET"]}}],"collection":[{"href":"https:\/\/zealous-babbage.81-27-231-25.plesk.page\/index.php\/wp-json\/wp\/v2\/pages"}],"about":[{"href":"https:\/\/zealous-babbage.81-27-231-25.plesk.page\/index.php\/wp-json\/wp\/v2\/types\/page"}],"author":[{"embeddable":true,"href":"https:\/\/zealous-babbage.81-27-231-25.plesk.page\/index.php\/wp-json\/wp\/v2\/users\/1"}],"replies":[{"embeddable":true,"href":"https:\/\/zealous-babbage.81-27-231-25.plesk.page\/index.php\/wp-json\/wp\/v2\/comments?post=393"}],"version-history":[{"count":7,"href":"https:\/\/zealous-babbage.81-27-231-25.plesk.page\/index.php\/wp-json\/wp\/v2\/pages\/393\/revisions"}],"predecessor-version":[{"id":695,"href":"https:\/\/zealous-babbage.81-27-231-25.plesk.page\/index.php\/wp-json\/wp\/v2\/pages\/393\/revisions\/695"}],"wp:attachment":[{"href":"https:\/\/zealous-babbage.81-27-231-25.plesk.page\/index.php\/wp-json\/wp\/v2\/media?parent=393"}],"curies":[{"name":"wp","href":"https:\/\/api.w.org\/{rel}","templated":true}]}}